?
True
Is 3385871 a prime number?
False
Is 2504399 composite?
False
Is 42869027 a composite number?
False
Is 1802077 composite?
False
Is 69483763 a prime number?
True
Is 33628619 prime?
True
Is 67724047 prime?
True
Is 856411 composite?
False
Is 920235233 prime?
True
Is 3936831 a composite number?
True
Is 113154463 prime?
True
Is 54109959 a composite number?
True
Is 127858817 composite?
True
Is 8500927 prime?
False
Is 2144879 a composite number?
True
Is 27607121 composite?
False
Is 814181933 a prime number?
True
Is 2047637 a composite number?
False
Is 105539257 composite?
False
Is 191360491 prime?
False
Is 36298649 composite?
False
Is 1686767 prime?
False
Is 20441087 a composite number?
True
Is 39025207 prime?
False
Is 44517227 a composite number?
True
Is 52425907 prime?
True
Is 1813069 a prime number?
False
Is 42465179 a prime number?
True
Is 10331437 prime?
True
Is 94771081 composite?
True
Is 29143754 a prime number?
False
Is 4722307 composite?
True
Is 339037841 composite?
False
Is 1395874 prime?
False
Is 8790811 composite?
False
Is 18874717 composite?
True
Is 4632539 prime?
False
Is 9231569 a composite number?
False
Is 208560881 a composite number?
False
Is 10524341 a composite number?
False
Is 7017799 prime?
True
Is 11151157 composite?
True
Is 650311 a composite number?
True
Is 815263987 a composite number?
False
Is 146407 a composite number?
False
Is 481511 a prime number?
False
Is 7218521 a composite number?
True
Is 108640793 a composite number?
False
Is 10693337 a prime number?
False
Is 2375367 a prime number?
False
Is 117318497 prime?
True
Is 147877579 composite?
True
Is 100651039 composite?
False
Is 77470621 a prime number?
True
Is 939041 a prime number?
False
Is 2630077 a prime number?
True
Is 12815833 a composite number?
False
Is 351972921 a prime number?
False
Is 5870659 composite?
False
Is 821927 a composite number?
True
Is 1548221 a prime number?
True
Is 568967 a composite number?
True
Is 105808537 prime?
False
Is 26106137 composite?
True
Is 14455823 prime?
True
Is 152573773 a prime number?
False
Is 7873273 composite?
False
Is 231643759 a prime number?
True
Is 244847 a prime number?
False
Is 12209614 prime?
False
Is 8605729 a prime number?
False
Is 270512197 composite?
False
Is 61805851 a prime number?
False
Is 2840303 composite?
False
Is 236177297 prime?
True
Is 189875177 composite?
False
Is 5704547 a prime number?
True
Is 171602083 composite?
False
Is 760993 a prime number?
True
Is 446561477 a composite number?
False
Is 68343943 prime?
False
Is 1475363 a prime number?
True
Is 8463131 composite?
True
Is 94435963 a composite number?
True
Is 5265913 composite?
True
Is 9414437 a prime number?
True
Is 164251429 composite?
False
Is 584335 a prime number?
False
Is 23736287 prime?
True
Is 7326661 composite?
False
Is 43569511 a composite number?
True
Is 10227377 prime?
False
Is 3974441 composite?
False
Is 4769803 prime?
False
Is 13593781 prime?
True
Is 26549473 prime?
True
Is 444379 composite?
True
Is 2800219 composite?
False
Is 5043833 a prime number?
True
Is 1174053665 a composite number?
True
Is 510573737 a composite number?
True
Is 20288431 a prime number?
False
Is 1032763049 a prime number?
False
Is 192906947 a prime number?
True
Is 4840717 a composite number?
True
Is 321509 a prime number?
True
Is 2574799 a prime number?
True
Is 20486821 prime?
False
Is 9911009 a composite number?
False
Is 133937579 a composite number?
True
Is 10413647 a prime number?
True
Is 75890063 a prime number?
True
Is 28435469 composite?
True
Is 4237453 prime?
False
Is 40534093 prime?
True
Is 8182637 prime?
True
Is 25180237 a prime number?
False
Is 179064121 a prime number?
True
Is 19076987 prime?
False
Is 101179061 a prime number?
True
Is 2744103 a composite number?
True
Is 55752791 prime?
True
Is 8643539 composite?
False
Is 3830441 composite?
False
Is 14389049 prime?
False
Is 21228737 a prime number?
True
Is 33003791 a prime number?
True
Is 147760363 a prime number?
True
Is 20426309 a composite number?
False
Is 92878627 a prime number?
False
Is 19576927 prime?
False
Is 4490591 a composite number?
True
Is 6063539 a prime number?
True
Is 383993 a prime number?
False
Is 207193 composite?
True
Is 8354938 composite?
True
Is 3469157 prime?
False
Is 16825223 prime?
False
Is 113980619 prime?
True
Is 16124851 a prime number?
True
Is 53121503 prime?
True
Is 62771645 a composite number?
True
Is 308189 composite?
True
Is 63390727 prime?
False
Is 21070363 a composite number?
False
Is 497448689 a prime number?
False
Is 132245777 composite?
False
Is 26153687 prime?
False
Is 3611435 a composite number?
True
Is 96230899 prime?
True
Is 4384333 a composite number?
False
Is 17248019 a prime number?
True
Is 3397099 composite?
True
Is 15444463 prime?
True
Is 751721 a composite number?
True
Is 752483 prime?
True
Is 95947426 a prime number?
False
Is 14972465 a prime number?
False
Is 34053277 a prime number?
True
Is 1343027 prime?
False
Is 2472037 prime?
True
Is 139323971 composite?
False
Is 602058559 prime?
False
Is 149911379 a prime number?
False
Is 908909 a composite number?
False
Is 1394539 a prime number?
True
Is 58228637 a composite number?
True
Is 4815329 prime?
True
Is 43981997 composite?
True
Is 219558347 a composite number?
True
Is 1241999 a prime number?
False
Is 11737707 prime?
False
Is 22919782 a prime number?
False
Is 650911 prime?
True
Is 34413079 a composite number?
False
Is 491537497 a composite number?
True
Is 3558611 prime?
False
Is 19206151 a prime number?
True
Is 39752402 composite?
True
Is 237381661 a prime number?
False
Is 140850551 a prime number?
False
Is 2877593 a composite number?
False
Is 3355127 a composite number?
False
Is 60751237 prime?
False
Is 2061935 prime?
False
Is 377339 a prime number?
True
Is 225443073 composite?
True
Is 6609121 a composite number?
True
Is 22650167 a prime number?
True
Is 27802777 prime?
True
Is 2665049 composite?
True
Is 378405641 prime?
False
Is 16271293 a composite number?
True
Is 1943093 a prime number?
True
Is 211711 a composite number?
False
Is 15781587 prime?
False
Is 3090431 a prime number?
True
Is 60739373 a prime number?
False
Is 1201200859 composite?
False
Is 5460263 a prime number?
True
Is 4994851 prime?
True
Is 3805423 composite?
True
Is 18430289 prime?
True
Is 91377409 composite?
False
Is 15508253 a prime number?
False
Is 27303073 a prime number?
False
Is 279857 composite?
False
Is 16151389 a prime number?
True
Is 1576973 prime?
True
Is 45559797 prime?
False
Is 8058662 a composite number?
True
Is 7956031 a composite number?
False
Is 47359853 composite?
True
Is 26293523 prime?
True
Is 25310069 composite?
True
Is 177300713 a composite number?
False
Is 1141562 composite?
True
Is 152879471 a prime number?
True
Is 5367143 prime?
False
Is 261625723 prime?
True
Is 133735403 a composite number?
False
Is 304466335 composite?
True
Is 5298751 prime?
True
Is 1933097 prime?
True
Is 81840269 prime?
False
Is 124539 composite?
True
Is 16319089 a composite number?
False
Is 25921387 prime?
True
Is 187399 a prime number?
False
Is 206027 prime?
True
Is 139448299 prime?
True
Is 2569589 prime?
False
Is 16985513 composite?
True
Is 9742259 a composite number?
False
Is 11987831 composite?
True
Is 189575615 prime?
False
Is 2079401 a prime number?
True
Is 254847991 a composite number?
False
Is 10795481 composite?
False
Is 350003 composite?
False
Is 20425417 composite?
False
Is 3328229 a composite number?
False
Is 4601083 composite?
True
Is 357407 a composite number?
True
Is 5156837 prime?
False
Is 1365659 composite?
False
Is 1633691 a composite number?
False
Is 6530561 a composite number?
False
Is 35806477 composite?
True
Is 144083221 prime?
False
Is 729193 a composite number?
True
Is 115432463 composite?
True
Is 50577951 composite?
True
Is 3119203 prime?
False
Is 41285051 a prime number?
True
Is 770509 a composite number?
True
Is 38600141 a prime number?
False
Is 1445666 a composite number?
True
Is 83954699 a prime number?
False
Is 232113311 composite?
False
Is 3956597 composite?
True
Is 4843789 a composite number?
False
Is 125226137 composite?
True
Is 48947 a composite number?
False
Is 479701 prime?
True
Is 22377109 composite?
False
Is 723507 prime?
False
Is 47401577 a prime number?
True
Is 349854287 a composite number?
False
Is 97